{"id":36,"date":"2025-06-12T16:48:53","date_gmt":"2025-06-12T19:48:53","guid":{"rendered":"https:\/\/cultura.jundiai.sp.gov.br\/festivaldecurtas\/?page_id=36"},"modified":"2025-07-08T09:53:09","modified_gmt":"2025-07-08T12:53:09","slug":"edital-e-documentos","status":"publish","type":"page","link":"https:\/\/cultura.jundiai.sp.gov.br\/festivaldecurtas\/edital-e-documentos\/","title":{"rendered":"Edital e documentos"},"content":{"rendered":"\n<p><strong>5\u00ba FESTIVAL DE CURTAS-METRAGENS DE JUNDIA\u00cd 2025 <br>Per\u00edodo de inscri\u00e7\u00f5es:<\/strong> 16 a 29 de junho de 2025<br><a href=\"https:\/\/docs.google.com\/forms\/d\/e\/1FAIpQLSfaVjxw9IhsAHmFPwNIJHQ-BHZ-n6kemHQwrlU1DAcS_YLNYg\/closedform\" target=\"_blank\" rel=\"noreferrer noopener\">Formul\u00e1rio de inscri\u00e7\u00e3o<\/a><br><a href=\"https:\/\/cultura.jundiai.sp.gov.br\/wp-content\/uploads\/2025\/06\/Edital-5o-Festival-de-Curtas-2025-2.pdf\" target=\"_blank\" rel=\"noreferrer noopener\">Extrato de edital<\/a> <br><a href=\"https:\/\/cultura.jundiai.sp.gov.br\/wp-content\/uploads\/2025\/06\/edital_03_2025_5_Festival_de_curtas_metragens_2025.pdf\" target=\"_blank\" rel=\"noreferrer noopener\">Edital n\u00ba 03\/2025<\/a><br><strong>Anexo 1 &#8211; <\/strong><a href=\"https:\/\/cultura.jundiai.sp.gov.br\/wp-content\/uploads\/2025\/06\/Anexo-I-Recursos-e-modalidades.pdf\" target=\"_blank\" rel=\"noreferrer noopener\">Recursos, modalidades e defini\u00e7\u00f5es<\/a> <br><strong>Anexo 2 &#8211; <\/strong><a href=\"https:\/\/cultura.jundiai.sp.gov.br\/wp-content\/uploads\/2025\/06\/Anexo-II-Formulario-de-Inscricao.pdf\" target=\"_blank\" rel=\"noreferrer noopener\">Formul\u00e1rio de inscri\u00e7\u00f5es<\/a> <br><strong>Anexo 3 &#8211; <\/strong><a href=\"https:\/\/cultura.jundiai.sp.gov.br\/wp-content\/uploads\/2025\/06\/Anexo-III-Criterios-de-Avaliacao.pdf\" target=\"_blank\" rel=\"noreferrer noopener\">Crit\u00e9rios utilizados na avalia\u00e7\u00e3o de m\u00e9rito cultural<\/a> <br><strong>Anexo 4 &#8211; <\/strong><a href=\"https:\/\/cultura.jundiai.sp.gov.br\/wp-content\/uploads\/2025\/06\/Anexo-IV-Declaracao-Etnico-Racial-Social.pdf\" target=\"_blank\" rel=\"noreferrer noopener\">Declara\u00e7\u00e3o \u00e9tnico-racial<\/a> <br><strong>Anexo 5 &#8211; <\/strong><a href=\"https:\/\/cultura.jundiai.sp.gov.br\/wp-content\/uploads\/2025\/06\/Anexo-V-Termo-de-Premiacao-Cultural.pdf\" target=\"_blank\" rel=\"noreferrer noopener\">Termo de premia\u00e7\u00e3o cultural<\/a><br><a href=\"https:\/\/cultura.jundiai.sp.gov.br\/wp-content\/uploads\/2025\/06\/MODELO-Equipe-Curtas.pdf\" target=\"_blank\" rel=\"noreferrer noopener\">Modelo Equipe Curtas<\/a><br><strong><a href=\"https:\/\/cultura.jundiai.sp.gov.br\/wp-content\/uploads\/2025\/07\/Publicacao_selecionados.pdf\" target=\"_blank\" rel=\"noreferrer noopener\">Publica\u00e7\u00e3o selecionados<\/a> &#8211; NOVO<\/strong><br><strong><a href=\"https:\/\/cultura.jundiai.sp.gov.br\/wp-content\/uploads\/2025\/07\/Publicacao_errata_Curtas_16-06-2025.pdf\" target=\"_blank\" rel=\"noreferrer noopener\">Publica\u00e7\u00e3o errata<\/a> &#8211; NOVO<\/strong><\/p>\n","protected":false},"excerpt":{"rendered":"<p>5\u00ba FESTIVAL DE CURTAS-METRAGENS DE JUNDIA\u00cd 2025 Per\u00edodo de inscri\u00e7\u00f5es: 16 a 29 de junho de 2025Formul\u00e1rio de inscri\u00e7\u00e3oExtrato de edital Edital n\u00ba 03\/2025Anexo 1 &#8211; Recursos, modalidades e defini\u00e7\u00f5es Anexo 2 &#8211; Formul\u00e1rio de inscri\u00e7\u00f5es Anexo 3 &#8211; Crit\u00e9rios utilizados na avalia\u00e7\u00e3o de m\u00e9rito cultural Anexo 4 &#8211; Declara\u00e7\u00e3o \u00e9tnico-racial Anexo 5 &#8211; Termo [&hellip;]<\/p>\n","protected":false},"author":12,"featured_media":0,"parent":0,"menu_order":0,"comment_status":"closed","ping_status":"closed","template":"","meta":{"footnotes":""},"class_list":["post-36","page","type-page","status-publish","hentry"],"_links":{"self":[{"href":"https:\/\/cultura.jundiai.sp.gov.br\/festivaldecurtas\/wp-json\/wp\/v2\/pages\/36","targetHints":{"allow":["GET"]}}],"collection":[{"href":"https:\/\/cultura.jundiai.sp.gov.br\/festivaldecurtas\/wp-json\/wp\/v2\/pages"}],"about":[{"href":"https:\/\/cultura.jundiai.sp.gov.br\/festivaldecurtas\/wp-json\/wp\/v2\/types\/page"}],"author":[{"embeddable":true,"href":"https:\/\/cultura.jundiai.sp.gov.br\/festivaldecurtas\/wp-json\/wp\/v2\/users\/12"}],"replies":[{"embeddable":true,"href":"https:\/\/cultura.jundiai.sp.gov.br\/festivaldecurtas\/wp-json\/wp\/v2\/comments?post=36"}],"version-history":[{"count":4,"href":"https:\/\/cultura.jundiai.sp.gov.br\/festivaldecurtas\/wp-json\/wp\/v2\/pages\/36\/revisions"}],"predecessor-version":[{"id":68,"href":"https:\/\/cultura.jundiai.sp.gov.br\/festivaldecurtas\/wp-json\/wp\/v2\/pages\/36\/revisions\/68"}],"wp:attachment":[{"href":"https:\/\/cultura.jundiai.sp.gov.br\/festivaldecurtas\/wp-json\/wp\/v2\/media?parent=36"}],"curies":[{"name":"wp","href":"https:\/\/api.w.org\/{rel}","templated":true}]}}