{"id":54,"date":"2025-07-04T11:14:07","date_gmt":"2025-07-04T14:14:07","guid":{"rendered":"https:\/\/cultura.jundiai.sp.gov.br\/festivaldecurtas\/?page_id=54"},"modified":"2025-07-15T15:24:05","modified_gmt":"2025-07-15T18:24:05","slug":"biografias","status":"publish","type":"page","link":"https:\/\/cultura.jundiai.sp.gov.br\/festivaldecurtas\/biografias\/","title":{"rendered":"Biografias"},"content":{"rendered":"\n<h2 class=\"wp-block-heading\">Jurados<\/h2>\n\n\n\n<div class=\"wp-block-columns is-layout-flex wp-container-core-columns-is-layout-9d6595d7 wp-block-columns-is-layout-flex\">\n<div class=\"wp-block-column is-layout-flow wp-block-column-is-layout-flow\">\n<figure class=\"wp-block-image size-full\"><img loading=\"lazy\" decoding=\"async\" width=\"600\" height=\"600\" src=\"https:\/\/cultura.jundiai.sp.gov.br\/festivaldecurtas\/wp-content\/uploads\/sites\/8\/2025\/07\/Mona_Luizon_1.jpg\" alt=\"\" class=\"wp-image-62\" srcset=\"https:\/\/cultura.jundiai.sp.gov.br\/festivaldecurtas\/wp-content\/uploads\/sites\/8\/2025\/07\/Mona_Luizon_1.jpg 600w, https:\/\/cultura.jundiai.sp.gov.br\/festivaldecurtas\/wp-content\/uploads\/sites\/8\/2025\/07\/Mona_Luizon_1-100x100.jpg 100w\" sizes=\"auto, (max-width: 600px) 100vw, 600px\" \/><\/figure>\n\n\n\n<h2 class=\"wp-block-heading\">Mona Lu<\/h2>\n\n\n\n<p>Mona Lu tem Bacharel em Comunica\u00e7\u00e3o Social e P\u00f3s-Gradua\u00e7\u00e3o em Linguagens Art\u00edsticas, Cultura e Educa\u00e7\u00e3o pelo IFRJ. \u00c9 artista visual e diretora cinematogr\u00e1fica, DRT 0009938\/SP. Atua no setor cultural desde 2009. Desenvolve projetos culturais e art\u00edsticos desde 2012 atrav\u00e9s da Mililitros de Arte. Atua como parecerista desde 2020, com experi\u00eancia em editais municipais e federais.<\/p>\n<\/div>\n\n\n\n<div class=\"wp-block-column is-layout-flow wp-block-column-is-layout-flow\">\n<figure class=\"wp-block-image size-full\"><img loading=\"lazy\" decoding=\"async\" width=\"600\" height=\"600\" src=\"https:\/\/cultura.jundiai.sp.gov.br\/festivaldecurtas\/wp-content\/uploads\/sites\/8\/2025\/07\/Rauany_Farias_1.jpg\" alt=\"\" class=\"wp-image-60\" srcset=\"https:\/\/cultura.jundiai.sp.gov.br\/festivaldecurtas\/wp-content\/uploads\/sites\/8\/2025\/07\/Rauany_Farias_1.jpg 600w, https:\/\/cultura.jundiai.sp.gov.br\/festivaldecurtas\/wp-content\/uploads\/sites\/8\/2025\/07\/Rauany_Farias_1-100x100.jpg 100w\" sizes=\"auto, (max-width: 600px) 100vw, 600px\" \/><\/figure>\n\n\n\n<h2 class=\"wp-block-heading\">Rauany Farias<\/h2>\n\n\n\n<p>Rauany Farias \u00e9 diretor e produtor audiovisual, fundador da Habitante Filmes, de Campinas (SP). Desde 2017, dirigiu e produziu diversos projetos em fic\u00e7\u00e3o, document\u00e1rio, publicidade e formatos digitais. Assina a dire\u00e7\u00e3o de obras como Serm\u00e3o (2025), Vegano Perif\u00e9rico (2020), Caro, Bernardo (2019) e Camel\u00f4s (em finaliza\u00e7\u00e3o). Como produtor, destaca-se pelo longa Bello: O Rei do Futev\u00f4lei (2023) e pelos premiados curtas Off Kid, Raiva, O Fardo do Pedido, Contravozes, Fossiliza\u00e7\u00e3o e Sempre o Mesmo, exibidos em festivais no Brasil e no exterior.<\/p>\n<\/div>\n\n\n\n<div class=\"wp-block-column is-layout-flow wp-block-column-is-layout-flow\">\n<figure class=\"wp-block-image size-full\"><img loading=\"lazy\" decoding=\"async\" width=\"600\" height=\"600\" src=\"https:\/\/cultura.jundiai.sp.gov.br\/festivaldecurtas\/wp-content\/uploads\/sites\/8\/2025\/07\/Tato_Siansi_1.jpg\" alt=\"\" class=\"wp-image-64\" srcset=\"https:\/\/cultura.jundiai.sp.gov.br\/festivaldecurtas\/wp-content\/uploads\/sites\/8\/2025\/07\/Tato_Siansi_1.jpg 600w, https:\/\/cultura.jundiai.sp.gov.br\/festivaldecurtas\/wp-content\/uploads\/sites\/8\/2025\/07\/Tato_Siansi_1-100x100.jpg 100w\" sizes=\"auto, (max-width: 600px) 100vw, 600px\" \/><\/figure>\n\n\n\n<h2 class=\"wp-block-heading\">Tato Siansi <\/h2>\n\n\n\n<p>Tato Siansi \u00e9 produtor, produtor executivo e montador audiovisual. Fundou a Kauzare Filmes em 2009, na cidade de Ribeir\u00e3o Preto (SP). Produziu o longa Mal Nosso, premiado no Festival Macabro (M\u00e9xico) como Melhor Filme de Terror da Am\u00e9rica Latina, lan\u00e7ado nos cinemas e na Netflix. \u00c9 produtor e montador do longa Cora\u00e7\u00e3o Sertanejo (em finaliza\u00e7\u00e3o) e co-produtor e produtor executivo de Mauricio de Sousa \u2013 O Filme, com estreia prevista para outubro de 2025 nos cinemas, com distribui\u00e7\u00e3o da Star+ (Disney). Assina a montagem do document\u00e1rio A Primeira Pedra, indicado ao International Emmy Awards (2017). Tamb\u00e9m produziu e montou os document\u00e1rios Maurina \u2013 O Outono que N\u00e3o Acabou (Melhor Document\u00e1rio no Festival de Sevilha), Otra Vida \u2013 Cultura Levada a S\u00e9rio, Joana Fac\u00e3o, Notoy Crew \u2013 A Arte Al\u00e9m dos Muros e PRA-7 \u2013 A Voz que Moldou uma Era.<\/p>\n<\/div>\n<\/div>\n\n\n\n<div style=\"height:100px\" aria-hidden=\"true\" class=\"wp-block-spacer\"><\/div>\n\n\n\n<h2 class=\"wp-block-heading\">Palestrantes <\/h2>\n\n\n\n<div class=\"wp-block-columns is-layout-flex wp-container-core-columns-is-layout-9d6595d7 wp-block-columns-is-layout-flex\">\n<div class=\"wp-block-column is-layout-flow wp-block-column-is-layout-flow\">\n<figure class=\"wp-block-image size-full\"><img loading=\"lazy\" decoding=\"async\" width=\"600\" height=\"600\" src=\"https:\/\/cultura.jundiai.sp.gov.br\/festivaldecurtas\/wp-content\/uploads\/sites\/8\/2025\/07\/Bruna_Epiphanio.jpg\" alt=\"\" class=\"wp-image-87\" srcset=\"https:\/\/cultura.jundiai.sp.gov.br\/festivaldecurtas\/wp-content\/uploads\/sites\/8\/2025\/07\/Bruna_Epiphanio.jpg 600w, https:\/\/cultura.jundiai.sp.gov.br\/festivaldecurtas\/wp-content\/uploads\/sites\/8\/2025\/07\/Bruna_Epiphanio-100x100.jpg 100w\" sizes=\"auto, (max-width: 600px) 100vw, 600px\" \/><\/figure>\n\n\n\n<h2 class=\"wp-block-heading\">Bruna Epiphanio<\/h2>\n\n\n\n<p>Produtora e diretora, Bruna Epiphanio atua na produ\u00e7\u00e3o de filmes com foco na mem\u00f3ria e em<br>personagens invisibilizados. Formada em Comunica\u00e7\u00e3o Social, trabalhou em coprodu\u00e7\u00f5es com Alemanha e Mo\u00e7ambique, com exibi\u00e7\u00f5es em festivais como Festival do Rio, Olhar de Cinema, FID Marseille e Dok Leipzig. Atualmente, \u00e9 aliada ao SAPCine &#8211; Sal\u00e3o de Projetos e Produtores na Col\u00f4mbia e integra o ICine &#8211; F\u00f3rum de Cinema do Interior Paulista.<\/p>\n<\/div>\n\n\n\n<div class=\"wp-block-column is-layout-flow wp-block-column-is-layout-flow\">\n<figure class=\"wp-block-image size-full\"><img loading=\"lazy\" decoding=\"async\" width=\"600\" height=\"600\" src=\"https:\/\/cultura.jundiai.sp.gov.br\/festivaldecurtas\/wp-content\/uploads\/sites\/8\/2025\/07\/Diego_da_Costa.jpg\" alt=\"\" class=\"wp-image-88\" srcset=\"https:\/\/cultura.jundiai.sp.gov.br\/festivaldecurtas\/wp-content\/uploads\/sites\/8\/2025\/07\/Diego_da_Costa.jpg 600w, https:\/\/cultura.jundiai.sp.gov.br\/festivaldecurtas\/wp-content\/uploads\/sites\/8\/2025\/07\/Diego_da_Costa-100x100.jpg 100w\" sizes=\"auto, (max-width: 600px) 100vw, 600px\" \/><\/figure>\n\n\n\n<h2 class=\"wp-block-heading\">Diego da Costa<\/h2>\n\n\n\n<p>Cineasta e m\u00fasico, Diego da Costa \u00e9 s\u00f3cio da BR1, Piet\u00e0 Filmes e Cinelero Audiovisual, al\u00e9m de<br>membro do ICine &#8211; F\u00f3rum de Cinema do Interior Paulista. Estudou Cin\u00e9ma et Audiovisuel na<br>Sorbonne Nouvelle, em Paris. <\/p>\n\n\n\n<p>Dirigiu, produziu e distribuiu longas premiados como A Plebe \u00e9 Rude (2016), Os Caub\u00f3is do<br>Apocalipse (2018) e Selvagem (2021). Este \u00faltimo recebeu dezenas de pr\u00eamios, foi selecionado para a vaga brasileira ao Oscar 2022, indicado ao Pr\u00eamio Platino del Cine Iberoamericano e<br>finalista do SESC Melhores Filmes e Pr\u00eamio ABC de Cinema.<\/p>\n\n\n\n<p>Em 2025, dirigiu e comp\u00f4s a trilha de Dona Elza, telefilme da Globo Filmes com mais de 16,5<br>milh\u00f5es de espectadores. Tamb\u00e9m dirigiu dezenas de filmes institucionais e publicit\u00e1rios para marcas como Klabin, LinkedIn, OLX, AstraZeneca, Sem Parar, Google, Docusign, Salesforce, Ita\u00fa e Schneider.<\/p>\n<\/div>\n\n\n\n<div class=\"wp-block-column is-layout-flow wp-block-column-is-layout-flow\">\n<figure class=\"wp-block-image size-full\"><img loading=\"lazy\" decoding=\"async\" width=\"600\" height=\"600\" src=\"https:\/\/cultura.jundiai.sp.gov.br\/festivaldecurtas\/wp-content\/uploads\/sites\/8\/2025\/07\/Lohan_Duarte.jpg\" alt=\"\" class=\"wp-image-91\" srcset=\"https:\/\/cultura.jundiai.sp.gov.br\/festivaldecurtas\/wp-content\/uploads\/sites\/8\/2025\/07\/Lohan_Duarte.jpg 600w, https:\/\/cultura.jundiai.sp.gov.br\/festivaldecurtas\/wp-content\/uploads\/sites\/8\/2025\/07\/Lohan_Duarte-100x100.jpg 100w\" sizes=\"auto, (max-width: 600px) 100vw, 600px\" \/><\/figure>\n\n\n\n<h2 class=\"wp-block-heading\">Lohan Duarte<\/h2>\n\n\n\n<p>Realizador audiovisual e colorista, Lohan Duarte \u00e9 formado em Cinema pelo CAV (Centro de<br>Audiovisual de S\u00e3o Bernardo do Campo, 2018). Atua com foco no estudo da cor e cria\u00e7\u00e3o de<br>atmosfera, tendo colorido longas, curtas e epis\u00f3dios de s\u00e9ries.<\/p>\n\n\n\n<p>Dirigiu os curtas Cabe\u00e7a de Est\u00e1tica e Quando o Abismo Olha de Volta, e produziu os longas<br>Serv\u00edlio e Marac\u00e1. Em 2024, foi um dos artistas residentes do MIS.<\/p>\n<\/div>\n<\/div>\n\n\n\n<div style=\"height:50px\" aria-hidden=\"true\" class=\"wp-block-spacer\"><\/div>\n\n\n\n<div class=\"wp-block-columns is-layout-flex wp-container-core-columns-is-layout-9d6595d7 wp-block-columns-is-layout-flex\">\n<div class=\"wp-block-column is-layout-flow wp-block-column-is-layout-flow\">\n<figure class=\"wp-block-image size-full\"><img loading=\"lazy\" decoding=\"async\" width=\"600\" height=\"600\" src=\"https:\/\/cultura.jundiai.sp.gov.br\/festivaldecurtas\/wp-content\/uploads\/sites\/8\/2025\/07\/Maria_Clara_Cervantes.jpg\" alt=\"\" class=\"wp-image-93\" srcset=\"https:\/\/cultura.jundiai.sp.gov.br\/festivaldecurtas\/wp-content\/uploads\/sites\/8\/2025\/07\/Maria_Clara_Cervantes.jpg 600w, https:\/\/cultura.jundiai.sp.gov.br\/festivaldecurtas\/wp-content\/uploads\/sites\/8\/2025\/07\/Maria_Clara_Cervantes-100x100.jpg 100w\" sizes=\"auto, (max-width: 600px) 100vw, 600px\" \/><\/figure>\n\n\n\n<h2 class=\"wp-block-heading\">Maria Clara Cervantes <\/h2>\n\n\n\n<p>\u00c9 graduada em Imagem e Som pela Universidade Federal de S\u00e3o Carlos. Cursou tamb\u00e9m Fundamentos de \u00c1udio e Ac\u00fastica no Instituto de \u00c1udio e V\u00eddeo (IAV), em 2010. Trabalha como t\u00e9cnica de som direto h\u00e1 18 anos em longas de fic\u00e7\u00e3o, document\u00e1rios, publicidades e programas de TV. Atuou como t\u00e9cnica de som direto no document\u00e1rio Democracia em Vertigem, de Petra Costa, indicado ao Oscar em 2020. Tamb\u00e9m trabalhou nos longas The Garden of Evil, do neozeland\u00eas Larry Keating (dispon\u00edvel na plataforma Mubi), Mundo Deserto de Almas Negras, de Ruy Veridiano, e A Conspira\u00e7\u00e3o Condor, de Andr\u00e9 Sturm. Al\u00e9m disso, atua como microfonista e assistente de som em s\u00e9ries de diversos streamings, como Sintonia (Netflix), Bom Dia, Ver\u00f4nica (Netflix), Betinho (Globoplay), O Jogo que Mudou a Hist\u00f3ria (Globoplay), entre outras.<\/p>\n<\/div>\n\n\n\n<div class=\"wp-block-column is-layout-flow wp-block-column-is-layout-flow\">\n<figure class=\"wp-block-image size-full\"><img loading=\"lazy\" decoding=\"async\" width=\"600\" height=\"600\" src=\"https:\/\/cultura.jundiai.sp.gov.br\/festivaldecurtas\/wp-content\/uploads\/sites\/8\/2025\/07\/Matheus_Colen.jpg\" alt=\"\" class=\"wp-image-96\" srcset=\"https:\/\/cultura.jundiai.sp.gov.br\/festivaldecurtas\/wp-content\/uploads\/sites\/8\/2025\/07\/Matheus_Colen.jpg 600w, https:\/\/cultura.jundiai.sp.gov.br\/festivaldecurtas\/wp-content\/uploads\/sites\/8\/2025\/07\/Matheus_Colen-100x100.jpg 100w\" sizes=\"auto, (max-width: 600px) 100vw, 600px\" \/><\/figure>\n\n\n\n<h2 class=\"wp-block-heading\">Matheus Colen <\/h2>\n\n\n\n<p>Roteirista e produtor executivo baseado em S\u00e3o Paulo. Iniciou sua carreira em 2006 na TV aberta, produzindo e escrevendo para canais como SBT, Band, Multishow, Canal Sony, Disney Channel e Netflix. \u00c9 fundador da produtora Origina Conte\u00fado, que lan\u00e7ou sua primeira s\u00e9rie original em 2025 no canal Arte 1. Atua como consultor no mercado audiovisual com foco em roteiro e produ\u00e7\u00e3o executiva, atendendo produtoras de diversos portes. \u00c9 tamb\u00e9m professor de Narrativas Audiovisuais no Mackenzie.<\/p>\n<\/div>\n\n\n\n<div class=\"wp-block-column is-layout-flow wp-block-column-is-layout-flow\">\n<figure class=\"wp-block-image size-full\"><img loading=\"lazy\" decoding=\"async\" width=\"600\" height=\"600\" src=\"https:\/\/cultura.jundiai.sp.gov.br\/festivaldecurtas\/wp-content\/uploads\/sites\/8\/2025\/07\/Vanessa_Montenegro.jpg\" alt=\"\" class=\"wp-image-98\" srcset=\"https:\/\/cultura.jundiai.sp.gov.br\/festivaldecurtas\/wp-content\/uploads\/sites\/8\/2025\/07\/Vanessa_Montenegro.jpg 600w, https:\/\/cultura.jundiai.sp.gov.br\/festivaldecurtas\/wp-content\/uploads\/sites\/8\/2025\/07\/Vanessa_Montenegro-100x100.jpg 100w\" sizes=\"auto, (max-width: 600px) 100vw, 600px\" \/><\/figure>\n\n\n\n<h2 class=\"wp-block-heading\">Vanessa Montenegro <\/h2>\n\n\n\n<p>Produtora executiva com atua\u00e7\u00e3o no mercado audiovisual desde 1994. Iniciou sua carreira na<br>produtora PostPlus como estagi\u00e1ria nos programas de Rolando Boldrin e Mar\u00edlia Gabriela.<\/p>\n\n\n\n<p>Formada em R\u00e1dio e TV pela UMESP, trabalhou na Band FM e Band TV entre 1995 e 1996.<br>Atuou no cinema publicit\u00e1rio em produtoras como Movie &amp; Art, O2 Filmes e Cia de Filmes,<br>exercendo fun\u00e7\u00f5es de produtora geral, diretora e coordenadora de produ\u00e7\u00e3o.<\/p>\n\n\n\n<p>Desde 2011 atua como produtora executiva em curtas, document\u00e1rios e longas, passando por<br>produtoras como Superfilmes, Magia Filmes e PH Multivision. Recentemente, foi coordenadora<br>executiva na etapa brasileira do longa Um Ano Inesquec\u00edvel &#8211; Inverno, dirigido por Carol Fioratti<br>e realizado pela Amazon Films Brasil.<\/p>\n<\/div>\n<\/div>\n","protected":false},"excerpt":{"rendered":"<p>Jurados Mona Lu Mona Lu tem Bacharel em Comunica\u00e7\u00e3o Social e P\u00f3s-Gradua\u00e7\u00e3o em Linguagens Art\u00edsticas, Cultura e Educa\u00e7\u00e3o pelo IFRJ. \u00c9 artista visual e diretora cinematogr\u00e1fica, DRT 0009938\/SP. Atua no setor cultural desde 2009. Desenvolve projetos culturais e art\u00edsticos desde 2012 atrav\u00e9s da Mililitros de Arte. Atua como parecerista desde 2020, com experi\u00eancia em editais [&hellip;]<\/p>\n","protected":false},"author":12,"featured_media":0,"parent":0,"menu_order":0,"comment_status":"closed","ping_status":"closed","template":"","meta":{"footnotes":""},"class_list":["post-54","page","type-page","status-publish","hentry"],"_links":{"self":[{"href":"https:\/\/cultura.jundiai.sp.gov.br\/festivaldecurtas\/wp-json\/wp\/v2\/pages\/54","targetHints":{"allow":["GET"]}}],"collection":[{"href":"https:\/\/cultura.jundiai.sp.gov.br\/festivaldecurtas\/wp-json\/wp\/v2\/pages"}],"about":[{"href":"https:\/\/cultura.jundiai.sp.gov.br\/festivaldecurtas\/wp-json\/wp\/v2\/types\/page"}],"author":[{"embeddable":true,"href":"https:\/\/cultura.jundiai.sp.gov.br\/festivaldecurtas\/wp-json\/wp\/v2\/users\/12"}],"replies":[{"embeddable":true,"href":"https:\/\/cultura.jundiai.sp.gov.br\/festivaldecurtas\/wp-json\/wp\/v2\/comments?post=54"}],"version-history":[{"count":17,"href":"https:\/\/cultura.jundiai.sp.gov.br\/festivaldecurtas\/wp-json\/wp\/v2\/pages\/54\/revisions"}],"predecessor-version":[{"id":174,"href":"https:\/\/cultura.jundiai.sp.gov.br\/festivaldecurtas\/wp-json\/wp\/v2\/pages\/54\/revisions\/174"}],"wp:attachment":[{"href":"https:\/\/cultura.jundiai.sp.gov.br\/festivaldecurtas\/wp-json\/wp\/v2\/media?parent=54"}],"curies":[{"name":"wp","href":"https:\/\/api.w.org\/{rel}","templated":true}]}}