{"id":152,"date":"2024-12-19T09:57:57","date_gmt":"2024-12-19T12:57:57","guid":{"rendered":"https:\/\/cultura.jundiai.sp.gov.br\/festivaldemusica\/?page_id=152"},"modified":"2025-10-08T11:09:05","modified_gmt":"2025-10-08T14:09:05","slug":"edital-e-documentos","status":"publish","type":"page","link":"https:\/\/cultura.jundiai.sp.gov.br\/festivaldemusica\/edital-e-documentos\/","title":{"rendered":"Edital e documentos"},"content":{"rendered":"\n<p><strong>4\u00ba FESTIVAL DE M\u00daSICA DE JUNDIA\u00cd<br>Per\u00edodo de inscri\u00e7\u00f5es:<\/strong> de 04 agosto a 05 de setembro de 2025<br><a href=\"https:\/\/cultura.jundiai.sp.gov.br\/wp-content\/uploads\/2025\/08\/Imprensa-01.08-Edital-Festival-de-Musica.pdf\" target=\"_blank\" rel=\"noreferrer noopener\">Publica\u00e7\u00e3o na Imprensa Oficial<\/a> <br><a href=\"https:\/\/cultura.jundiai.sp.gov.br\/wp-content\/uploads\/2025\/08\/Edital-4o-Festival-de-Musica-2025.pdf\" target=\"_blank\" rel=\"noreferrer noopener\">Edital n\u00ba 08\/2025<\/a> <br><a href=\"https:\/\/docs.google.com\/forms\/d\/e\/1FAIpQLScNTIqXVBBqISo9Ujp7rmi3z-Jaea7mD2idgnsQPGUKe09E6g\/closedform\" target=\"_blank\" rel=\"noreferrer noopener\">Formul\u00e1rio de inscri\u00e7\u00e3o<\/a><br><strong>Anexo 1 &#8211; <\/strong><a href=\"https:\/\/cultura.jundiai.sp.gov.br\/wp-content\/uploads\/2025\/08\/Anexo-I-Declaracao-de-Autorizacao-menor.docx.pdf\" target=\"_blank\" rel=\"noreferrer noopener\">Declara\u00e7\u00e3o de autoriza\u00e7\u00e3o<\/a> <br><strong>Anexos 2 &#8211; <\/strong><a href=\"https:\/\/cultura.jundiai.sp.gov.br\/wp-content\/uploads\/2025\/08\/Anexo-II-Declaracao-de-Participacao-parceria.docx.pdf\" target=\"_blank\" rel=\"noreferrer noopener\">Declara\u00e7\u00e3o de participa\u00e7\u00e3o (parceria)<\/a> <br><strong>Anexo 3 &#8211; <\/strong><a href=\"https:\/\/cultura.jundiai.sp.gov.br\/wp-content\/uploads\/2025\/08\/Anexo-III-Termo-de-Premiacao-Cultural.docx.pdf\" target=\"_blank\" rel=\"noreferrer noopener\">Termo de Premia\u00e7\u00e3o Cultural<\/a><br><a href=\"https:\/\/cultura.jundiai.sp.gov.br\/wp-content\/uploads\/2025\/09\/Publicacao_Extrato-de-seleca_17-09-2025.pdf\" target=\"_blank\" rel=\"noreferrer noopener\">Extrato de sele\u00e7\u00e3o<\/a><strong> <\/strong><br><a href=\"https:\/\/cultura.jundiai.sp.gov.br\/wp-content\/uploads\/2025\/09\/Publicacao_Despacho-Decisorio_-24-09-2025.pdf\" target=\"_blank\" rel=\"noreferrer noopener\">Despacho decis\u00f3rio<\/a><strong> <\/strong><br><a href=\"https:\/\/cultura.jundiai.sp.gov.br\/wp-content\/uploads\/2025\/10\/Publicacao_extrato-de-julgamento.pdf\" target=\"_blank\" rel=\"noreferrer noopener\">Extrato de julgamento<\/a><strong> <\/strong><br><a href=\"https:\/\/cultura.jundiai.sp.gov.br\/wp-content\/uploads\/2025\/10\/Resultado-Final-4o-Festival-de-Musica-de-Jundiai.pdf\" target=\"_blank\" rel=\"noreferrer noopener\">Resultado final<\/a> <strong>&#8211; NOVO<\/strong><\/p>\n","protected":false},"excerpt":{"rendered":"<p>4\u00ba FESTIVAL DE M\u00daSICA DE JUNDIA\u00cdPer\u00edodo de inscri\u00e7\u00f5es: de 04 agosto a 05 de setembro de 2025Publica\u00e7\u00e3o na Imprensa Oficial Edital n\u00ba 08\/2025 Formul\u00e1rio de inscri\u00e7\u00e3oAnexo 1 &#8211; Declara\u00e7\u00e3o de autoriza\u00e7\u00e3o Anexos 2 &#8211; Declara\u00e7\u00e3o de participa\u00e7\u00e3o (parceria) Anexo 3 &#8211; Termo de Premia\u00e7\u00e3o CulturalExtrato de sele\u00e7\u00e3o Despacho decis\u00f3rio Extrato de julgamento Resultado final &#8211; [&hellip;]<\/p>\n","protected":false},"author":12,"featured_media":0,"parent":0,"menu_order":0,"comment_status":"closed","ping_status":"closed","template":"","meta":{"footnotes":""},"class_list":["post-152","page","type-page","status-publish","hentry"],"_links":{"self":[{"href":"https:\/\/cultura.jundiai.sp.gov.br\/festivaldemusica\/wp-json\/wp\/v2\/pages\/152","targetHints":{"allow":["GET"]}}],"collection":[{"href":"https:\/\/cultura.jundiai.sp.gov.br\/festivaldemusica\/wp-json\/wp\/v2\/pages"}],"about":[{"href":"https:\/\/cultura.jundiai.sp.gov.br\/festivaldemusica\/wp-json\/wp\/v2\/types\/page"}],"author":[{"embeddable":true,"href":"https:\/\/cultura.jundiai.sp.gov.br\/festivaldemusica\/wp-json\/wp\/v2\/users\/12"}],"replies":[{"embeddable":true,"href":"https:\/\/cultura.jundiai.sp.gov.br\/festivaldemusica\/wp-json\/wp\/v2\/comments?post=152"}],"version-history":[{"count":6,"href":"https:\/\/cultura.jundiai.sp.gov.br\/festivaldemusica\/wp-json\/wp\/v2\/pages\/152\/revisions"}],"predecessor-version":[{"id":213,"href":"https:\/\/cultura.jundiai.sp.gov.br\/festivaldemusica\/wp-json\/wp\/v2\/pages\/152\/revisions\/213"}],"wp:attachment":[{"href":"https:\/\/cultura.jundiai.sp.gov.br\/festivaldemusica\/wp-json\/wp\/v2\/media?parent=152"}],"curies":[{"name":"wp","href":"https:\/\/api.w.org\/{rel}","templated":true}]}}