{"id":175,"date":"2025-07-14T17:20:47","date_gmt":"2025-07-14T20:20:47","guid":{"rendered":"https:\/\/cultura.jundiai.sp.gov.br\/mesdopatrimonio\/?page_id=175"},"modified":"2025-07-14T17:42:23","modified_gmt":"2025-07-14T20:42:23","slug":"palestrantes-e-oficineiros","status":"publish","type":"page","link":"https:\/\/cultura.jundiai.sp.gov.br\/mesdopatrimonio\/palestrantes-e-oficineiros\/","title":{"rendered":"Palestrantes e oficineiros"},"content":{"rendered":"\n<p><strong>Professor Dr. Afonso Peche Filho <br><\/strong>\u00c9 pesquisador cient\u00edfico n\u00edvel VI \u2013 Engenheiro Agr\u00f4nomo, Mestre em Engenharia de \u00c1gua e Solo pela UNICAMP. Doutor em Ci\u00eancias Ambientais pela UNESP. \u00c9 professor convidado na ESALQ\/USP no Curso de Especializa\u00e7\u00e3o em Manejo de Solos. Tem experi\u00eancia em Engenharia de Biossistemas, com \u00eanfase em Mecaniza\u00e7\u00e3o Agr\u00edcola e Gest\u00e3o Ambiental de Bacias Hidrogr\u00e1ficas. Atua em projetos de pesquisa e extens\u00e3o nos seguintes temas: Metodologia da pesquisa aplicada em desenvolvimento municipal; Modelos de gest\u00e3o, Diagn\u00f3stico agroambiental e Impacto socioambiental em \u00e1reas agr\u00edcolas. Atualmente trabalha no Centro de Engenharia e Automa\u00e7\u00e3o do Instituto Agron\u00f4mico de Campinas &#8211; IAC.<\/p>\n\n\n\n<p><strong>Professora Dr.\u00aa Ana Paula Farah <br><\/strong>Professora do corpo docente permanente do Programa de P\u00f3s Gradua\u00e7\u00e3o &#8220;Stricto Sensu&#8221; em Arquitetura e Urbanismo (POSURB-ARQ) desde 2018, e da Faculdade de Arquitetura e Urbanismo na PUCCAMP, desde 2012. \u00c9 Membro da Rede Laboratorio Americano de los Paisajes Hist\u00f3ricos de la Producci\u00f3n. RED APPLab, vinculada \u00e0 Universidade de Sevilha, financiada pela AUIP (Asociaci\u00f3n Universitaria Iberoamericana de Postgrado), Membro da Rede Internacional PHI (Patrim\u00f4nio Hist\u00f3rico + Cultural Ibero-americano) &#8211; Rede Nacional Brasileira. Membro do Conselho Internacional de Monumentos e S\u00edtios (ICOMOS-BR), do Comit\u00ea Cient\u00edfico de Teoria e Comit\u00ea Cient\u00edfico de Ensino de Patrim\u00f4nio (ICOMOS-BR). Membro do Comit\u00ea do ICOMOS-SP. Formada em Arquitetura e Urbanismo pela PUCCAMP (1996) e Universit\u00e0 degli Studi di Ferrara &#8211; It\u00e1lia (2005). Especialista em Restauro Arquitet\u00f4nico pela PUCCAMP (1999) e PUCPR (2005). Mestre em Tecnologia do Ambiente Constru\u00eddo pela EESC-USP (2003) e Doutora em Hist\u00f3ria e Fundamentos da Arquitetura e Urbanismo pela FAU-USP (2012).<\/p>\n\n\n\n<p><strong>Professor Dr. Carlos Leite<br><\/strong>\u00c9 professor na Universidade Presbiteriana Mackenzie, Coordenador do N\u00facleo de Urbanismo Social, Laborat\u00f3rio de Cidades, Insper-Arq.Futuro . Professor at Universidade Presbiteriana Mackenzie, Coordinator of the Center for Social Urbanism, Laboratory of Cities, Insper-Arq.Futuro<br>Carlos Leite \u00e9 Urbanista com Mestrado e Doutorado pela Faculdade de Arquitetura e Urbanismo da Universidade de S\u00e3o Paulo (USP) e P\u00f3s-doutorado pela Universidade Polit\u00e9cnica da California, onde foi professor visitante. \u00c9 autor dos livros \u201cCidades Sustent\u00e1veis, Cidades Inteligentes\u201d e \u201cSocial Urbanism in Latin America. Cases and Instruments of Planning, Land Policy and Financing the City Transformation with Social Inclusion\u201d. Seu principal tema de pesquisa \u00e9 urbanismo social.&#8221;<\/p>\n\n\n\n<p><strong>Professor Dr. Celso Dal R\u00e9 Carneiro<\/strong><br>\u00c9 ge\u00f3logo (1972), mestre (1977) e doutor (1984) pelo Instituto de Geoci\u00eancias USP e Livre Docente nas \u00e1reas de Ci\u00eancias da Terra e Comunica\u00e7\u00e3o em Geoci\u00eancias pelo Instituto de Geoci\u00eancias da Unicamp (2010). Recebeu as seguintes distin\u00e7\u00f5es: Membro Associado da Academia Brasileira de Ci\u00eancias (1995); pr\u00eamio Martelo de Prata (1982) e Medalha de Ouro Henry Gorceix (2008) da Sociedade Brasileira de Geologia; Membro Honor\u00e1rio do F\u00f3rum Nacional de Cursos de Geologia (2012); Diploma de Reconhecimento pela Sociedade Brasileira de Geologia (2012), por ter sido Editor-Chefe da Revista Brasileira de Geoci\u00eancias, entre julho 1983 e julho 1989; Pr\u00eamio de Reconhecimento Acad\u00eamico Zeferino Vaz por atividades de Doc\u00eancia, Pesquisa e Extens\u00e3o (2012); Pr\u00eamio de Reconhecimento Docente pela Dedica\u00e7\u00e3o ao Ensino de Gradua\u00e7\u00e3o (2013), ambos concedidos pela Reitoria da Unicamp. Foi professor do Instituto de Geoci\u00eancias USP e pesquisador do Instituto de Pesquisas Tecnol\u00f3gicas (IPT), tendo sido Coordenador da Divis\u00e3o de Geologia e Recursos Minerais do IPT (1989-1992). De 1986 at\u00e9 2010 exerceu as fun\u00e7\u00f5es de Professor Doutor do Instituto de Geoci\u00eancias da Unicamp, tendo assumido em abril de 2010 as fun\u00e7\u00f5es de Professor Associado e, a partir de 2014, Professor Associado II. \u00c9 Editor-Chefe, desde 2005, da Revista Terr Didatica. Ministrou cursos de Ci\u00eancia do Sistema Terra, Geologia Introdut\u00f3ria, Geologia Estrutural e Desenho Geol\u00f3gico, tendo sido coordenador (1998-2003) do Curso de Gradua\u00e7\u00e3o em Ci\u00eancias da Terra (Geologia e Geografia) do Instituto de Geoci\u00eancias da Unicamp. Foi coordenador (2013-2017) do Programa de P\u00f3s-Gradua\u00e7\u00e3o em Ensino e Hist\u00f3ria de Ci\u00eancias da Terra do Instituto de Geoci\u00eancias da Unicamp. Aposentou-se em abril de 2017; continua a atuar como professor colaborador do IG-Unicamp. Orienta doutorandos e mestrandos e ministra disciplinas de p\u00f3s-gradua\u00e7\u00e3o nas \u00e1reas de Geologia, Metodologia de Ensino e Comunica\u00e7\u00e3o em Geoci\u00eancias.<\/p>\n\n\n\n<p><strong>Luciana Claudia de Souza<\/strong><br>\u00c9 historiadora e especialista em gest\u00e3o de projetos culturais, \u00e9 assessora de Pol\u00edticas P\u00fablicas da AME <\/p>\n\n\n\n<p><strong>Professora Dr.\u00aa Luciane Cordeiro <\/strong><br>\u00c9 Professora Livre Docente na Faculdade de Ci\u00eancias Aplicadas da Universidade Estadual de Campinas &#8211; UNICAMP. Coordenadora do Programa de P\u00f3s Gradua\u00e7\u00e3o em Ensino e Hist\u00f3ria das Ci\u00eancias da Terra (EHCT) do Instituto de Geoci\u00eancias &#8211; IG\/UNICAMP. Em 2020 recebeu &#8211; por M\u00e9rito &#8211; o Pr\u00eamio de Reconhecimento Docente pela Dedica\u00e7\u00e3o ao Ensino de Gradua\u00e7\u00e3o pela FCA\/UNICAMP. Possui Doutorado (2005) e Mestrado (2001) em Direito, pela Pontif\u00edcia Universidade Cat\u00f3lica de S\u00e3o Paulo (PUCSP), \u00e1rea Direitos Difusos- Direito Ambiental; Especializa\u00e7\u00e3o em Direito Processual Civil (PUCCAMP &#8211; 1991) e em Direito Penal e Processual Penal (USF &#8211; 1999). Gradua\u00e7\u00e3o em Direito pela Universidade S\u00e3o Francisco (1988). Desenvolve pesquisas nos temas: recursos h\u00eddricos, \u00e1guas subterr\u00e2neas, ordena\u00e7\u00e3o do solo, geoparque, sustentabilidade, Direito e Educa\u00e7\u00e3o ambiental. L\u00edder do Grupo de Pesquisa CNPQ\/UNICAMP &#8216;AQUAGEO AMBIENTE LEGAL. Pesquisadora Colaboradora junto a Global Water Partnership, GWP\/Su\u00e9cia como representante da UNICAMP. Advogada, Escritora, Parecerista e Consultora em Direito Ambiental. S\u00f3cia Fundadora da Associa\u00e7\u00e3o dos Professores de Direito Ambiental do Brasil &#8211; APRODAB e Coordenadora Estadual S\u00e3o Paulo (2020-2026). Foi Conselheira Efetiva da Comiss\u00e3o Estadual de Infraestrutura, Log\u00edstica e Desenvolvimento Sustent\u00e1vel da OAB -Se\u00e7\u00e3o SP (2017-2019). Participou do Programa de Fortalecimento Institucional do Projeto Sistema Aqu\u00edfero Guarani no Uruguai (2008). Foi Assessora da Diretoria Jur\u00eddica da CDHU-SP (2011-2013) e Diretora de Habita\u00e7\u00e3o em Jundia\u00ed (2007-2008). Foi Coordenadora e idealizadora dos cursos de P\u00f3s Gradua\u00e7\u00e3o em Direito Ambiental e em Direito Imobili\u00e1rio no Centro Universit\u00e1rio Padre Anchieta.<\/p>\n\n\n\n<p><strong>Professor Dr. Roberto Pastana Teixeira Lima <\/strong><br>\u00c9 graduado em Hist\u00f3ria pela Faculdade de Ci\u00eancias e Letras Pl\u00ednio Augusto do Amaral, possui mestrado em Hist\u00f3ria da Arte e da Cultura e doutorado em Hist\u00f3ria Social, ambos pela Universidade Estadual de Campinas (Unicamp). \u00c9 graduado em Arquitetura e Urbanismo pela Universidade S\u00e3o Francisco, Campus Itatiba. P\u00f3s-doutor em Educa\u00e7\u00e3o pela Universidade S\u00e3o Francisco. Atualmente \u00e9 professor no Curso de Arquitetura e Urbanismo da Universidade S\u00e3o Francisco. \u00c9 membro suplente do Conselho de Defesa do Patrim\u00f4nio Cultural de Bragan\u00e7a Paulista. e membro do Grupo de Pesquisa Rastros: Hist\u00f3ria, Mem\u00f3ria e Educa\u00e7\u00e3o vinculado ao mesmo Programa.<\/p>\n\n\n\n<p><strong>S\u00e9rgio Mesquita Pompemaier <\/strong><br>Graduado Engenharia Agron\u00f4mica pela Escola Superior de Agricultura Luiz Queiroz (Esalq). \u00c9 engenheiro agr\u00f4nomo da Prefeitura de Jundia\u00ed e diretor do Departamento de Agroneg\u00f3cio da Unidade de Gest\u00e3o de Agroneg\u00f3cio, Abastecimento e Turismo (UGAAT) da Prefeitura Municipal de Jundia\u00ed.<\/p>\n\n\n\n<p><strong>Sin\u00e9sio Scarabello Filho <\/strong><br>Possui gradua\u00e7\u00e3o em Engenharia Civil pela Escola Polit\u00e9cnica da USP (1978), Mestrado em Engenharia Civil pela Faculdade de Engenharia Civil, Arquitetura e Urbanismo da Unicamp (2003) e Doutorado em Engenharia Civil pela Faculdade de Engenharia Civil, Arquitetura e Urbanismo da Unicamp (2005). Atualmente \u00e9 gestor adjunto de Obras da Unidade de Gest\u00e3o de Infraestrutura e Servi\u00e7os P\u00fablicos (UGISP) da Prefeitura Municipal de Jundia\u00ed. Tem experi\u00eancia na \u00e1rea de Engenharia Civil, com \u00eanfase em Planejamento Urbano e Ambiental.<\/p>\n\n\n\n<p><strong>Sylvia Angelini <\/strong><br>\u00c9 arquiteta e urbanista, com gradua\u00e7\u00e3o e mestrado pela USP. Servidora p\u00fablica na Prefeitura Municipal de Jundia\u00ed h\u00e1 21 anos. Diretora de Urbanismo nos \u00faltimos 8 anos (2017-2024). Atualmente dedica-se \u00e0 implementa\u00e7\u00e3o da pol\u00edtica p\u00fablica de mudan\u00e7as clim\u00e1ticas. Finalista no Pr\u00eamio de Lideran\u00e7a P\u00fablica CLP (2023) com o trabalho: Horta urbana em Jundia\u00ed. Finalista no Pr\u00eamio de Lideran\u00e7a P\u00fablica CLP (2021) com o trabalho: O planejamento urbano como instrumento de promo\u00e7\u00e3o da inf\u00e2ncia. Finalista no Pr\u00eamio de Lideran\u00e7a P\u00fablica CLP (2019) com o trabalho: Pol\u00edtica P\u00fablica da Crian\u00e7a na Cidade. Finalista no Desafio Aprendizagem Criativa, da Funda\u00e7\u00e3o Lemann e MIT Media Lab, com o projeto de mobilidade a p\u00e9 para alunos (2018).<\/p>\n\n\n\n<p><strong>Professor Dr. D\u00e9cio Luiz Pinheiro Pradella<\/strong><br>Doutor em Planejamento Urbano e Mestre em Urbanismo pelo Programa de P\u00f3s-Gradua\u00e7\u00e3o em Arquitetura e Urbanismo da Pontif\u00edcia Universidade Cat\u00f3lica de Campinas (Conceito CAPES 5), na linha de pesquisa &#8220;Projeto, Inova\u00e7\u00e3o e Gest\u00e3o em Arquitetura e Urbanismo&#8221;, sob orienta\u00e7\u00e3o da professora Dra. Laura Machado de Mello Bueno. Integrante do Grupo de Pesquisa &#8220;Pol\u00edticas Territoriais e \u00c1gua no Meio Urbano&#8221;. Coordenador do Curso de Arquitetura e Urbanismo da Universidade S\u00e3o Francisco durante os anos de 2019 e 2020. Docente no Curso de Arquitetura e Urbanismo da Universidade S\u00e3o Francisco, nas \u00e1reas de Projeto de Arquitetura, Projeto de Urbanismo, Projeto de Paisagismo, Planejamento Urbano e Regional e orientador de Trabalhos de Conclus\u00e3o de Curso. Especialista em Desenho e Gest\u00e3o do Territ\u00f3rio Municipal e Graduado em Arquitetura e Urbanismo pela Pontif\u00edcia Universidade Cat\u00f3lica de Campinas. Tem experi\u00eancia e \u00e9 consultor na \u00e1rea de Arquitetura e Urbanismo, com \u00eanfase em Gest\u00e3o P\u00fablica Urbana, Planejamento Urbano Municipal, Projeto de Arquitetura, Controle Urbano, Habita\u00e7\u00e3o de Interesse Social, Projetos Urbanos e Planejamento Urbano e Regional. Consultor do SEBRAE\/SP e FESP para o programa Cons\u00f3rcio Empreendedor &#8211; Capacita\u00e7\u00e3o para Simplifica\u00e7\u00e3o do Licenciamento de Constru\u00e7\u00f5es, Obras e Edifica\u00e7\u00f5es no ano de 2022.<\/p>\n","protected":false},"excerpt":{"rendered":"<p>Professor Dr. Afonso Peche Filho \u00c9 pesquisador cient\u00edfico n\u00edvel VI \u2013 Engenheiro Agr\u00f4nomo, Mestre em Engenharia de \u00c1gua e Solo pela UNICAMP. Doutor em Ci\u00eancias Ambientais pela UNESP. \u00c9 professor convidado na ESALQ\/USP no Curso de Especializa\u00e7\u00e3o em Manejo de Solos. Tem experi\u00eancia em Engenharia de Biossistemas, com \u00eanfase em Mecaniza\u00e7\u00e3o Agr\u00edcola e Gest\u00e3o Ambiental [&hellip;]<\/p>\n","protected":false},"author":12,"featured_media":0,"parent":0,"menu_order":0,"comment_status":"closed","ping_status":"closed","template":"","meta":{"footnotes":""},"class_list":["post-175","page","type-page","status-publish","hentry"],"_links":{"self":[{"href":"https:\/\/cultura.jundiai.sp.gov.br\/mesdopatrimonio\/wp-json\/wp\/v2\/pages\/175","targetHints":{"allow":["GET"]}}],"collection":[{"href":"https:\/\/cultura.jundiai.sp.gov.br\/mesdopatrimonio\/wp-json\/wp\/v2\/pages"}],"about":[{"href":"https:\/\/cultura.jundiai.sp.gov.br\/mesdopatrimonio\/wp-json\/wp\/v2\/types\/page"}],"author":[{"embeddable":true,"href":"https:\/\/cultura.jundiai.sp.gov.br\/mesdopatrimonio\/wp-json\/wp\/v2\/users\/12"}],"replies":[{"embeddable":true,"href":"https:\/\/cultura.jundiai.sp.gov.br\/mesdopatrimonio\/wp-json\/wp\/v2\/comments?post=175"}],"version-history":[{"count":4,"href":"https:\/\/cultura.jundiai.sp.gov.br\/mesdopatrimonio\/wp-json\/wp\/v2\/pages\/175\/revisions"}],"predecessor-version":[{"id":181,"href":"https:\/\/cultura.jundiai.sp.gov.br\/mesdopatrimonio\/wp-json\/wp\/v2\/pages\/175\/revisions\/181"}],"wp:attachment":[{"href":"https:\/\/cultura.jundiai.sp.gov.br\/mesdopatrimonio\/wp-json\/wp\/v2\/media?parent=175"}],"curies":[{"name":"wp","href":"https:\/\/api.w.org\/{rel}","templated":true}]}}